{"id":34,"date":"2008-11-18T13:25:06","date_gmt":"2008-11-18T12:25:06","guid":{"rendered":"http:\/\/wl27www336.webland.ch\/site\/?page_id=34"},"modified":"2015-05-01T17:15:31","modified_gmt":"2015-05-01T16:15:31","slug":"metall","status":"publish","type":"page","link":"https:\/\/www.sandstrahlen.ch\/site\/index.php\/metall\/","title":{"rendered":"METALL"},"content":{"rendered":"<p><a href=\"http:\/\/wl27www336.webland.ch\/site\/wp-content\/uploads\/2008\/12\/metall_02.jpg\" rel=\"lightbox[34]\"><img loading=\"lazy\" decoding=\"async\" class=\"alignnone size-thumbnail wp-image-124\" title=\"Metall \" src=\"http:\/\/wl27www336.webland.ch\/site\/wp-content\/uploads\/2008\/12\/metall_02-140x85.jpg\" alt=\"\" width=\"140\" height=\"85\" \/><\/a><a href=\"http:\/\/www.sandstrahlen.ch\/site\/wp-content\/uploads\/2009\/11\/porsche_sandstrahlen_02.jpg\" rel=\"lightbox[34]\"><img loading=\"lazy\" decoding=\"async\" class=\"alignnone size-thumbnail wp-image-268\" title=\"Porsche vorher\" src=\"http:\/\/www.sandstrahlen.ch\/site\/wp-content\/uploads\/2009\/11\/porsche_sandstrahlen_02-140x85.jpg\" alt=\"\" width=\"140\" height=\"85\" \/><\/a><a href=\"http:\/\/www.sandstrahlen.ch\/site\/wp-content\/uploads\/2009\/11\/porsche_sandstrahlen_04.jpg\" rel=\"lightbox[34]\"><img loading=\"lazy\" decoding=\"async\" class=\"alignnone size-thumbnail wp-image-271\" title=\"Porsche vorher\" src=\"http:\/\/www.sandstrahlen.ch\/site\/wp-content\/uploads\/2009\/11\/porsche_sandstrahlen_04-140x85.jpg\" alt=\"\" width=\"140\" height=\"85\" \/><\/a><a href=\"http:\/\/wl27www336.webland.ch\/site\/wp-content\/uploads\/2008\/12\/metall_04.jpg\" rel=\"lightbox[34]\"><img loading=\"lazy\" decoding=\"async\" class=\"alignnone size-thumbnail wp-image-126\" title=\"Metall\" src=\"http:\/\/wl27www336.webland.ch\/site\/wp-content\/uploads\/2008\/12\/metall_04-140x85.jpg\" alt=\"\" width=\"140\" height=\"85\" \/><\/a><a href=\"http:\/\/www.sandstrahlen.ch\/site\/wp-content\/uploads\/2009\/11\/porsche_sandstrahlen_02_nach.jpg\" rel=\"lightbox[34]\"><img loading=\"lazy\" decoding=\"async\" class=\"alignnone size-thumbnail wp-image-269\" title=\"Porsche nachher\" src=\"http:\/\/www.sandstrahlen.ch\/site\/wp-content\/uploads\/2009\/11\/porsche_sandstrahlen_02_nach-140x85.jpg\" alt=\"\" width=\"140\" height=\"85\" \/><\/a><a href=\"http:\/\/www.sandstrahlen.ch\/site\/wp-content\/uploads\/2009\/11\/porsche_sandstrahlen_03.jpg\" rel=\"lightbox[34]\"><img loading=\"lazy\" decoding=\"async\" class=\"alignnone size-thumbnail wp-image-272\" title=\"Porsche nachher\" src=\"http:\/\/www.sandstrahlen.ch\/site\/wp-content\/uploads\/2009\/11\/porsche_sandstrahlen_03-140x85.jpg\" alt=\"\" width=\"140\" height=\"85\" \/><\/a><br clear=\"all\"><\/p>\n<h1 class=\"pagetitle1\">METALL<\/H1><\/p>\n<div id=\"cbox\">Bei Stahl-Oberfl\u00e4chen k\u00f6nnen alte Lacke und Farbe abtragen werden und das Metall aufgerauht, gereinigt und entrostet werden. Auch als Vorbereitung f\u00fcr Nachbehandlung wie Lackieren und Beschichten.<\/p>\n<p>Im Edelstahlbereich wie z.B. Chrom k\u00f6nnen die Oberfl\u00e4chen mattiert werden &#8211; ein \u00fcberaus edel wirkender Effekt mit grossen Einsatzbereich.<\/p><\/div>\n<div class=\"addbox\">\n<h3>M\u00f6glichkeiten:<\/h3>\n<p>Metallkonstruktionen<br \/>\nTreppen \/ Gel\u00e4nder<br \/>\nZ\u00e4une<br \/>\nObjekte aus Edelstahl<\/p><\/div>\n<p><br clear=\"all\"><\/p>\n","protected":false},"excerpt":{"rendered":"<p>METALL Bei Stahl-Oberfl\u00e4chen k\u00f6nnen alte Lacke und Farbe abtragen werden und das Metall aufgerauht, gereinigt und entrostet werden. Auch als Vorbereitung f\u00fcr Nachbehandlung wie Lackieren und Beschichten. Im Edelstahlbereich wie z.B. Chrom k\u00f6nnen die Oberfl\u00e4chen mattiert werden &#8211; ein \u00fcberaus edel wirkender Effekt mit grossen Einsatzbereich. M\u00f6glichkeiten: Metallkonstruktionen Treppen \/ Gel\u00e4nder Z\u00e4une Objekte aus Edelstahl<\/p>\n","protected":false},"author":1,"featured_media":0,"parent":0,"menu_order":0,"comment_status":"open","ping_status":"open","template":"","meta":{"footnotes":""},"class_list":["post-34","page","type-page","status-publish","hentry"],"_links":{"self":[{"href":"https:\/\/www.sandstrahlen.ch\/site\/index.php\/wp-json\/wp\/v2\/pages\/34","targetHints":{"allow":["GET"]}}],"collection":[{"href":"https:\/\/www.sandstrahlen.ch\/site\/index.php\/wp-json\/wp\/v2\/pages"}],"about":[{"href":"https:\/\/www.sandstrahlen.ch\/site\/index.php\/wp-json\/wp\/v2\/types\/page"}],"author":[{"embeddable":true,"href":"https:\/\/www.sandstrahlen.ch\/site\/index.php\/wp-json\/wp\/v2\/users\/1"}],"replies":[{"embeddable":true,"href":"https:\/\/www.sandstrahlen.ch\/site\/index.php\/wp-json\/wp\/v2\/comments?post=34"}],"version-history":[{"count":14,"href":"https:\/\/www.sandstrahlen.ch\/site\/index.php\/wp-json\/wp\/v2\/pages\/34\/revisions"}],"predecessor-version":[{"id":397,"href":"https:\/\/www.sandstrahlen.ch\/site\/index.php\/wp-json\/wp\/v2\/pages\/34\/revisions\/397"}],"wp:attachment":[{"href":"https:\/\/www.sandstrahlen.ch\/site\/index.php\/wp-json\/wp\/v2\/media?parent=34"}],"curies":[{"name":"wp","href":"https:\/\/api.w.org\/{rel}","templated":true}]}}