{"id":32,"date":"2008-11-18T13:18:51","date_gmt":"2008-11-18T12:18:51","guid":{"rendered":"http:\/\/wl27www336.webland.ch\/site\/?page_id=32"},"modified":"2015-05-01T17:12:04","modified_gmt":"2015-05-01T16:12:04","slug":"holz","status":"publish","type":"page","link":"https:\/\/www.sandstrahlen.ch\/site\/index.php\/holz\/","title":{"rendered":"HOLZ"},"content":{"rendered":"<p><a href=\"http:\/\/wl27www336.webland.ch\/site\/wp-content\/uploads\/2008\/12\/h3.jpg\" rel=\"lightbox[32]\"><img loading=\"lazy\" decoding=\"async\" class=\"alignnone size-thumbnail wp-image-110\" title=\"Stuhl\" alt=\"\" src=\"http:\/\/wl27www336.webland.ch\/site\/wp-content\/uploads\/2008\/12\/h3-140x85.jpg\" width=\"140\" height=\"85\" \/><\/a><a href=\"http:\/\/wl27www336.webland.ch\/site\/wp-content\/uploads\/2008\/12\/h1.jpg\" rel=\"lightbox[32]\"><img loading=\"lazy\" decoding=\"async\" class=\"alignnone size-thumbnail wp-image-108\" title=\"Holzladen\" alt=\"\" src=\"http:\/\/wl27www336.webland.ch\/site\/wp-content\/uploads\/2008\/12\/h1-140x85.jpg\" width=\"140\" height=\"85\" \/><\/a><a href=\"http:\/\/wl27www336.webland.ch\/site\/wp-content\/uploads\/2009\/03\/stalla_02.jpg\" rel=\"lightbox[32]\"><img loading=\"lazy\" decoding=\"async\" class=\"alignnone size-thumbnail wp-image-239\" title=\"Holzdecke Stalla \" alt=\"\" src=\"http:\/\/wl27www336.webland.ch\/site\/wp-content\/uploads\/2009\/03\/stalla_02-140x85.jpg\" width=\"140\" height=\"85\" \/><\/a><a href=\"http:\/\/wl27www336.webland.ch\/site\/wp-content\/uploads\/2008\/12\/h4.jpg\" rel=\"lightbox[32]\"><img loading=\"lazy\" decoding=\"async\" class=\"alignnone size-thumbnail wp-image-111\" title=\"Hausfassade \" alt=\"\" src=\"http:\/\/wl27www336.webland.ch\/site\/wp-content\/uploads\/2008\/12\/h4-140x85.jpg\" width=\"140\" height=\"85\" \/><\/a><a href=\"http:\/\/wl27www336.webland.ch\/site\/wp-content\/uploads\/2008\/12\/h6.jpg\" rel=\"lightbox[32]\"><img loading=\"lazy\" decoding=\"async\" class=\"alignnone size-thumbnail wp-image-113\" title=\"Holzbalken\" alt=\"\" src=\"http:\/\/wl27www336.webland.ch\/site\/wp-content\/uploads\/2008\/12\/h6-140x85.jpg\" width=\"140\" height=\"85\" \/><\/a><a href=\"http:\/\/wl27www336.webland.ch\/site\/wp-content\/uploads\/2009\/03\/stalla_01.jpg\" rel=\"lightbox[32]\"><img loading=\"lazy\" decoding=\"async\" class=\"alignnone size-thumbnail wp-image-237\" title=\"STALLA Holzdecke\" alt=\"\" src=\"http:\/\/wl27www336.webland.ch\/site\/wp-content\/uploads\/2009\/03\/stalla_01-140x85.jpg\" width=\"140\" height=\"85\" \/><\/a><br clear=\"all\"><\/p>\n<h1 class=\"pagetitle\" style=\"padding-top:40px;\">HOLZ<\/h1>\n<div id=\"cbox\">\nBei Holzoberfl\u00e4chen und Fassaden k\u00f6nnen alte Farben und Lacke abtragen werden, das Holz strukturiert, gereinigt und poliert werden\n<\/div>\n<div class=\"addbox\">\n<h3>M\u00f6glichkeiten:<\/h3>\n<p>M\u00f6bel<br \/>\nObjekte aus altem Holz<br \/>\nFassaden<br \/>\nTreppen<br \/>\nGel\u00e4nder<\/p>\n<\/div>\n<p><br clear=\"all\"><\/p>\n","protected":false},"excerpt":{"rendered":"<p>HOLZ Bei Holzoberfl\u00e4chen und Fassaden k\u00f6nnen alte Farben und Lacke abtragen werden, das Holz strukturiert, gereinigt und poliert werden M\u00f6glichkeiten: M\u00f6bel Objekte aus altem Holz Fassaden Treppen Gel\u00e4nder<\/p>\n","protected":false},"author":1,"featured_media":0,"parent":0,"menu_order":0,"comment_status":"open","ping_status":"open","template":"","meta":{"footnotes":""},"class_list":["post-32","page","type-page","status-publish","hentry"],"_links":{"self":[{"href":"https:\/\/www.sandstrahlen.ch\/site\/index.php\/wp-json\/wp\/v2\/pages\/32","targetHints":{"allow":["GET"]}}],"collection":[{"href":"https:\/\/www.sandstrahlen.ch\/site\/index.php\/wp-json\/wp\/v2\/pages"}],"about":[{"href":"https:\/\/www.sandstrahlen.ch\/site\/index.php\/wp-json\/wp\/v2\/types\/page"}],"author":[{"embeddable":true,"href":"https:\/\/www.sandstrahlen.ch\/site\/index.php\/wp-json\/wp\/v2\/users\/1"}],"replies":[{"embeddable":true,"href":"https:\/\/www.sandstrahlen.ch\/site\/index.php\/wp-json\/wp\/v2\/comments?post=32"}],"version-history":[{"count":25,"href":"https:\/\/www.sandstrahlen.ch\/site\/index.php\/wp-json\/wp\/v2\/pages\/32\/revisions"}],"predecessor-version":[{"id":392,"href":"https:\/\/www.sandstrahlen.ch\/site\/index.php\/wp-json\/wp\/v2\/pages\/32\/revisions\/392"}],"wp:attachment":[{"href":"https:\/\/www.sandstrahlen.ch\/site\/index.php\/wp-json\/wp\/v2\/media?parent=32"}],"curies":[{"name":"wp","href":"https:\/\/api.w.org\/{rel}","templated":true}]}}

<p><a href="http://wl27www336.webland.ch/site/wp-content/uploads/2008/12/h3.jpg" rel="lightbox[32]"><img loading="lazy" decoding="async" class="alignnone size-thumbnail wp-image-110" title="Stuhl" alt="" src="http://wl27www336.webland.ch/site/wp-content/uploads/2008/12/h3-140x85.jpg" width="140" height="85" /></a><a href="http://wl27www336.webland.ch/site/wp-content/uploads/2008/12/h1.jpg" rel="lightbox[32]"><img loading="lazy" decoding="async" class="alignnone size-thumbnail wp-image-108" title="Holzladen" alt="" src="http://wl27www336.webland.ch/site/wp-content/uploads/2008/12/h1-140x85.jpg" width="140" height="85" /></a><a href="http://wl27www336.webland.ch/site/wp-content/uploads/2009/03/stalla_02.jpg" rel="lightbox[32]"><img loading="lazy" decoding="async" class="alignnone size-thumbnail wp-image-239" title="Holzdecke Stalla " alt="" src="http://wl27www336.webland.ch/site/wp-content/uploads/2009/03/stalla_02-140x85.jpg" width="140" height="85" /></a><a href="http://wl27www336.webland.ch/site/wp-content/uploads/2008/12/h4.jpg" rel="lightbox[32]"><img loading="lazy" decoding="async" class="alignnone size-thumbnail wp-image-111" title="Hausfassade " alt="" src="http://wl27www336.webland.ch/site/wp-content/uploads/2008/12/h4-140x85.jpg" width="140" height="85" /></a><a href="http://wl27www336.webland.ch/site/wp-content/uploads/2008/12/h6.jpg" rel="lightbox[32]"><img loading="lazy" decoding="async" class="alignnone size-thumbnail wp-image-113" title="Holzbalken" alt="" src="http://wl27www336.webland.ch/site/wp-content/uploads/2008/12/h6-140x85.jpg" width="140" height="85" /></a><a href="http://wl27www336.webland.ch/site/wp-content/uploads/2009/03/stalla_01.jpg" rel="lightbox[32]"><img loading="lazy" decoding="async" class="alignnone size-thumbnail wp-image-237" title="STALLA Holzdecke" alt="" src="http://wl27www336.webland.ch/site/wp-content/uploads/2009/03/stalla_01-140x85.jpg" width="140" height="85" /></a><br clear="all"></p>
<h1 class="pagetitle" style="padding-top:40px;">HOLZ</h1>
<div id="cbox">
Bei Holzoberflächen und Fassaden können alte Farben und Lacke abtragen werden, das Holz strukturiert, gereinigt und poliert werden
</div>
<div class="addbox">
<h3>Möglichkeiten:</h3>
<p>Möbel<br />
Objekte aus altem Holz<br />
Fassaden<br />
Treppen<br />
Geländer</p>
</div>
<p><br clear="all"></p>

<p>HOLZ Bei Holzoberflächen und Fassaden können alte Farben und Lacke abtragen werden, das Holz strukturiert, gereinigt und poliert werden Möglichkeiten: Möbel Objekte aus altem Holz Fassaden Treppen Geländer</p>
